9*h + 58799. What is the thousands digit of h?
2
Let q(x) = -10*x - 6. Let s(i) = -i - 5. Let l be s(-8). Suppose -2*v - 2*r - 4 = 0, -l*r - 6 = 3*v - r. What is the tens digit of q(v)?
1
Let d = 1152 + -540. Suppose 0 = -9*f + 5*f + d. What is the units digit of f?
3
Let o = 2033 + -1335. What is the hundreds digit of o?
6
Let c(u) = -49*u + 2. Suppose 4*v = -4, 2*v = -2*n - 3*v - 7. Let a be c(n). Suppose 5*d + 2*k = 74, -d + k + a = 2*d. What is the tens digit of d?
1
Suppose -7*x + 3*x + 6096 = 0. What is the tens digit of (3/(-9))/((16/(-4))/x)?
2
Suppose 0 = 21*a - 19*a - 190. What is the units digit of a?
5
What is the tens digit of 94545/225 + 2/(-10)?
2
Suppose 0 = 6*l - 19*l + 26. Suppose 3*z - p + 3 = -0*p, 3*z = 2*p - 6. Suppose l*r = 2*f + 6 + 4, z = r - 2*f. What is the tens digit of r?
1
Let b = -10 + -2. What is the tens digit of -40*(b/(-9))/((-2)/3)?
8
Let n = 265 + -143. Let i = n - 5. What is the hundreds digit of i?
1
Suppose -z = 1 - 6. Suppose -z*p = -414 + 39. Suppose -y + 125 = 5*h, -4*h + 7*h = 2*y + p. What is the units digit of h?
5
Suppose 0 = 9*t - 9827 + 1952. What is the units digit of t?
5
Let c be 4600/14 + (-3)/21*-3. Suppose 7*k - 756 = c. What is the units digit of k?
5
Let d(m) = -15*m**3 + 3*m**2 + 11*m + 25. What is the hundreds digit of d(-4)?
9
Suppose -35*u - 367 = -1277. What is the units digit of u?
6
Let j be 0 - -1 - 4 - -13. Let y = j - 5. Let w = y + 0. What is the units digit of w?
5
Let i(g) = -g + 30. Let n be i(26). Suppose -3*z + 495 = -0*z - c, 3*c = -n*z + 660. What is the units digit of z?
5
Suppose -3*u - 4364 = -5*b, b - 9*u + 7*u - 870 = 0. What is the tens digit of b?
7
Suppose -4 = -p + 12. Let i be p/(-56) + 114/7. Let v = 27 - i. What is the units digit of v?
1
Let x(i) = -i**3 + 5*i**2 - 2*i - 1. Let u be x(4). Suppose u*g = 59 + 25. What is the tens digit of g?
1
Let s(q) be the second derivative of 0 - 9*q - 1/6*q**3 + 5/2*q**4 + 0*q**2. What is the tens digit of s(-1)?
3
Let d be 5 - 1 - (-708 + 6). Suppose 596 = 14*i - d. What is the tens digit of i?
9
Suppose 5 = 2*k - k. Suppose -4*w + q = -415, -2*q - 435 = -4*w - k*q. Suppose -f = 3*a - w, -4*a = 2*f - 3*f - 147. What is the units digit of a?
6
Suppose k + 8 = 5*m, 0 = -0*m - 5*m - 5*k + 20. Let j(d) = -7*d**3 + 3*d**3 + 14 + 7*d**3 - 12*d**m - 2*d**3 + 2*d. What is the tens digit of j(12)?
3
Let s be 7/14*8/2. Suppose -5*o - 3*v = 35, 4*o + 51 - 1 = s*v. Let t = o + 13. What is the units digit of t?
3
Suppose b = -4*f + 20, -4*f + 0*f + 36 = 5*b. Suppose b*d - 624 + 56 = 0. Suppose -78 = -5*w + d. What is the units digit of w?
4
What is the thousands digit of 1/((-3)/(3*-1146))?
1
Suppose -40 = -s - 3*m + 54, m = -2*s + 163. What is the tens digit of s?
7
Suppose 21*f = -8*f + 35583. What is the thousands digit of f?
1
Let v be 9/(1 + 1 + 1). Suppose v*n - 4*m - 197 = 0, -4*m - 71 = 2*n - 3*n. What is the units digit of 1242/n - (-2)/7?
0
Suppose -2*o + 1 = -k, -4*k + 1 = o - 4. Let m = -611 + 604. What is the units digit of 4/o + (-4 - m)?
7
Suppose 10*s + 8910 = 21*s. What is the hundreds digit of s?
8
Let o(q) = 4*q**2 - 7*q - 5. Let x be o(6). Let n = x + -66. What is the units digit of (-2 - 1)/(-3)*n?
1
Let c(f) = -148*f - 31. What is the units digit of c(-7)?
5
Let r(x) = -x**3 - x**2 + x + 29. Let q be r(0). Suppose 0 = f - q - 41. What is the units digit of f?
0
Let n(b) = -b - 1. Let s(v) = 173*v + 5. Let x(z) = -6*n(z) - s(z). What is the hundreds digit of x(-1)?
1
Let a(d) = 3*d**3 + 4*d**2 - 2*d**3 + 4*d**2 - 14*d + 6*d - 9. Let f(l) = l**3 + l**2 - 3*l + 1. Let v be f(-3). What is the tens digit of a(v)?
5
Let n(x) be the second derivative of -x**4/4 + 7*x**3/6 + 3*x**2/2 - 4*x. Let l be n(8). Let d = -94 - l. What is the tens digit of d?
3
Let j(n) = -n**3 - 14. Let m be j(0). Let x = -12 - m. Suppose 2*b = 4*h - 66, -4*b = x*h - 4*h + 42. What is the units digit of h?
5
What is the hundreds digit of ((-44)/4 + 6)*-119?
5
Let h = -194 + 493. What is the units digit of h?
9
Suppose 0 = -2*n - 4 + 12, 4144 = 5*s - 4*n. What is the tens digit of s?
3
Suppose -4*j = -5*j - 4, 0 = y - 4*j - 11. What is the units digit of 5 - 1/(-5)*y?
4
Let l = 797 - 328. What is the units digit of l?
9
Suppose -5*r + 3*v = -1974, 0 = v + v + 6. Let j be r/6 + (-3)/6. What is the tens digit of (6/(-15))/((-1)/j)?
2
Suppose -7*q + 83 + 1 = 0. Let g = -5 + q. What is the units digit of g?
7
What is the hundreds digit of (70/(-105))/(4/(-27246))?
5
Let w = -2124 + 3382. What is the hundreds digit of w?
2
Suppose -2*m + u = 38 - 290, -630 = -5*m + 3*u. Let v = m - 48. What is the units digit of v?
8
Let s be 34 + 2*12/(-8). Let c = s + -18. Suppose 2*h = 0, -2*p + 4*h = -c - 19. What is the units digit of p?
6
Let m be (9/(-6))/(21/(-112)). Suppose -4*g - 128 = -m*g. What is the tens digit of g?
3
Suppose 5*l + 5*w + 20 = 0, 13 = -l - l - 3*w. Let h(s) = -1. Let f(j) = 16*j - 32. Let v(m) = f(m) - 32*h(m). What is the units digit of v(l)?
6
Let o(r) = r**3 - 8*r**2 + 3*r - 3. Suppose -5*s + 6*s - 5 = 0. Let d be o(s). Let n = d - -100. What is the units digit of n?
7
Suppose v - 26 = 5*r, 3*r + 3*v + v = -11. Let d = r - -9. Suppose -z = -d*z + 36. What is the units digit of z?
2
Suppose -2*c + o + 78 = 0, 0 = c + o + 3*o - 30. Let b be c/10 - 6/(-30). Suppose -b*j + 73 = h - 21, -10 = 5*h. What is the tens digit of j?
2
Let g = 183 + -267. What is the tens digit of 254/5 - g/(-105)?
5
Suppose -38*k - 3*j - 3316 = -39*k, 5 = 5*j. What is the hundreds digit of k?
3
Suppose 2*j = 5*z - 2644, 3*z + 3*j - 1887 = -309. Suppose -4*s - 4*s + z = 0. What is the tens digit of s?
6
Suppose 0 = 5*z, 6*z - 2*z = 5*d - 25. Suppose u = v + v - 535, v - 263 = d*u. What is the tens digit of v?
6
Let b be (-103 + -1)/1 - (-3)/(-3). Let x = b - -184. What is the units digit of x?
9
Let p be (-3 + 26)*1 + -1. Suppose 3*q = p + 545. What is the hundreds digit of q?
1
Suppose 4*i - 2869 = 3435. What is the units digit of i?
6
Let y = 791 - -178. What is the units digit of y?
9
Suppose 6*x - 3300 = 402. Suppose 303 + x = 4*d. What is the units digit of d?
0
Let d = 213 + -652. Let b = d + 671. What is the hundreds digit of b?
2
Suppose 3*c = -0*c + 12. Let b be c/(-6) - 56/(-21). Suppose 0 = -4*r + 3*h + 85, -3*r + 100 = b*r - 5*h. What is the units digit of r?
5
Let s(a) be the third derivative of 17*a**4/24 + a**3/6 + 15*a**2. What is the units digit of s(3)?
2
Let n(h) = -6*h + 1. Let p = 56 - 57. What is the units digit of n(p)?
7
Let i be (-73)/2*(-9 + 11). Let a = -33 - i. What is the tens digit of a?
4
Let b(q) = q**2 + 3 + 1 + 2*q + 3*q**3 - 2. Let w be b(-1). What is the tens digit of 5/w*52/(-5)?
2
Let y = 33 - 32. What is the tens digit of (y - 4 - 1) + 94?
9
Let o = -1063 - -1815. What is the tens digit of o?
5
Let b be (3 + (-18)/4)/((-6)/20). Suppose 0*o - o + 31 = n, -b*o = -5*n - 115. What is the units digit of o?
7
Let l(i) be the first derivative of -4*i**2 + 8*i - 11. What is the tens digit of l(-6)?
5
Suppose -18 = -b - d + 6*d, 3*b - 15 = 2*d. Suppose 316 = 5*g + 4*k, b*g + 67 = 4*g - 3*k. What is the units digit of g?
4
Suppose 7*d + 6 = 6*d. Let q be d/(-4)*16/(-1). Let m = 14 - q. What is the tens digit of m?
3
Let f(z) = -74*z - 47. What is the tens digit of f(-10)?
9
Let n(h) = -196*h**3 + 3*h**2 + 2*h + 1. What is the hundreds digit of n(-1)?
1
Let u be (-6)/((-2)/(1/1)). Let m = u + -3. What is the tens digit of 90*(m - (-6)/15)?
3
Let o(q) = 5*q + 305. What is the hundreds digit of o(43)?
5
Let t = -81 + 56. Let y be 10/t - 106/10. Let a = y - -30. What is the tens digit of a?
1
Suppose 1115 = 5*d + 5*l, -l + 224 = d + l. Suppose -5*i - 77 + d = 0. Let r = i + -28. What is the units digit of r?
1
Let c = -8 + 13. Suppose r + 0*r - 7 = c*z, -3*z - 1 = r. Suppose r*d = -2*d + 5*f + 73, 0 = 4*d - f - 69. What is the tens digit of d?
1
Let p = 677 - 263. Let h = p + -245. What is the units digit of 4368/h + (-2)/(-13)?
6
Let m(y) = -y**2 + 43*y + 21. What is the hundreds digit of m(18)?
4
Suppose -11*j + 1417 = 317. What is the units digit of j?
0
Suppose -2*s + 4*t = -0*t - 4, -4 = 4*t. Suppose s = 2*o + 3*g + 120 - 651, 4*o - 1029 = 5*g. What is the hundreds digit of o?
2
What is the units digit of (-10)/(-100) - (-4149)/